{"version":"1.0","provider_name":"popler","type":"video","provider_url\"":"http:\/\/popler.tv\/","width":"480","height":"270","title":"Mistycy, Literaci, Wariaci - Miros\u0142aw \u015aled\u017a","description":"\n7 wrze\u015bnia 2016 (\u015broda), godz. 19.00\nCSW \u0141a\u017ania 2 ul. Strajku Doker\u00f3w 5, Gda\u0144sk Nowy Port\nKurator projektu: Pawe\u0142 Konjo Konnak\n \nMiros\u0142aw \u015aled\u017a - malarz samouk, sw\u00f3j styl okre\u015bli\u0142 jako \u201ekwadryzm\u201d. Pierwsza wystawa artysty mia\u0142a miejsce w galerii \u201eArt en Marge\u201d w Brukseli we wrze\u015bniu 1994 roku. Obrazy Miros\u0142awa \u015aledzia wystawiano m.in. w Kioto, Yokohamie, Biarritz, Bordeaux, Chicago, Monachium i Wenecji. Zwi\u0105zany z Gdyni\u0105, w kt\u00f3rej mieszka od urodzenia i kt\u00f3r\u0105 nieustannie dokumentuje.\n\nhttp:\/\/www.laznia.pl\/aktualnosciart,1014,spotkanie_z_miroslawem_sledziem.html","author_name":"cswlaznia_","author_url":"http:\/\/popler.tv\/cswlaznia","live":0,"live_url":"http:\/\/popler.tv\/cswlaznia","thumbnail_url":"http:\/\/images.popler.tv\/snap\/fs005\/18\/cswlaznia_cdf2c672-fa8a-4ce9-8c18-16e03b98517c_mini.jpg","thumbnail_height":75,"html":"<object type=\"application\/x-shockwave-flash\" data=\"http:\/\/www.popler.tv\/v\/89849\" width=\"480\" height=\"270\"><param name=\"movie\" value=\"http:\/\/www.popler.tv\/v\/89849\" \/><param name=\"loop\" value=\"false\"><param name=\"menu\" value=\"false\"><param name=\"quality\" value=\"high\"><param name=\"AllowScriptAccess\" value=\"always\" \/><param name=\"allowfullscreen\" value=\"true\" \/><a href=\"http:\/\/popler.tv\/video\/fs005\/18\/cswlaznia_cdf2c672-fa8a-4ce9-8c18-16e03b98517c.mp4\"><img border=\"0\" src=\"http:\/\/popler.tv\/snap\/fs005\/18\/cswlaznia_cdf2c672-fa8a-4ce9-8c18-16e03b98517c_mini.jpg\" width=\"480\" height=\"270\" alt=\"No Flash\"><\/a><\/object>"}

Mistycy, Literaci, Wariaci - Mirosław Śledź

7 września 2016 (środa), godz. 19.00
CSW Łaźnia 2 ul. Strajku Dokerów 5, Gdańsk Nowy Port
Kurator projektu: Paweł Konjo Konnak
 
Mirosław Śledź - malarz samouk, swój styl określił jako „kwadryzm”. Pierwsza wystawa artysty miała miejsce w galerii „Art en Marge” w Brukseli we wrześniu 1994 roku. Obrazy Mirosława Śledzia wystawiano m.in. w Kioto, Yokohamie, Biarritz, Bordeaux, Chicago, Monachium i Wenecji. Związany z Gdynią, w której mieszka od urodzenia i którą nieustannie dokumentuje.

http://www.laznia.pl/aktualnosciart,1014,spotkanie_z_miroslawem_sledziem.html
