{"version":"1.0","provider_name":"popler","type":"video","provider_url\"":"http:\/\/popler.tv\/","width":"480","height":"270","title":" \tSpotkanie z W\u0142adys\u0142awem Frasyniukiem","description":"W\u0142adys\u0142aw Frasyniuk, dawny dzia\u0142acz antykomunistycznej opozycji, by\u0142y przewodnicz\u0105cy Unii Wolno\u015bci i Partii Demokratycznej, spotyka si\u0119 ze s\u0142uchaczami w siedzibie Duszpasterstwa Akademickiego Maciej\u00f3wka.","author_name":"fredro24com_","author_url":"http:\/\/popler.tv\/fredro24com","live":0,"live_url":"http:\/\/popler.tv\/fredro24com","thumbnail_url":"http:\/\/images.popler.tv\/snap\/fs005\/23\/fredro24com_1288289289463_mini.jpg","thumbnail_height":75,"html":"<object type=\"application\/x-shockwave-flash\" data=\"http:\/\/www.popler.tv\/v\/8347\" width=\"480\" height=\"270\"><param name=\"movie\" value=\"http:\/\/www.popler.tv\/v\/8347\" \/><param name=\"loop\" value=\"false\"><param name=\"menu\" value=\"false\"><param name=\"quality\" value=\"high\"><param name=\"AllowScriptAccess\" value=\"always\" \/><param name=\"allowfullscreen\" value=\"true\" \/><a href=\"http:\/\/popler.tv\/video\/fs005\/23\/fredro24com_1288289289463.mp4\"><img border=\"0\" src=\"http:\/\/popler.tv\/snap\/fs005\/23\/fredro24com_1288289289463_mini.jpg\" width=\"480\" height=\"270\" alt=\"No Flash\"><\/a><\/object>"}

Spotkanie z Władysławem Frasyniukiem

Władysław Frasyniuk, dawny działacz antykomunistycznej opozycji, były przewodniczący Unii Wolności i Partii Demokratycznej, spotyka się ze słuchaczami w siedzibie Duszpasterstwa Akademickiego Maciejówka.
