{"version":"1.0","provider_name":"popler","type":"video","provider_url\"":"http:\/\/popler.tv\/","width":"480","height":"270","title":"Ciasteczko","description":"czyli flecista z Hammeln II. Udzia\u0142 wzi\u0119li: czarna Ma\u0144ka, piasokowa Lala, podpalany Haps i bia\u0142a w czarne \u0142aty Nuta.","author_name":"OldSecondhand_","author_url":"http:\/\/popler.tv\/OldSecondhand","live":0,"live_url":"http:\/\/popler.tv\/OldSecondhand","thumbnail_url":"http:\/\/images.popler.tv\/snap\/fs005\/85\/OldSecondhand_22007f6f-15fb-41e9-9872-2ec8cb7cc01e_mini.jpg","thumbnail_height":75,"html":"<object type=\"application\/x-shockwave-flash\" data=\"http:\/\/www.popler.tv\/v\/63415\" width=\"480\" height=\"270\"><param name=\"movie\" value=\"http:\/\/www.popler.tv\/v\/63415\" \/><param name=\"loop\" value=\"false\"><param name=\"menu\" value=\"false\"><param name=\"quality\" value=\"high\"><param name=\"AllowScriptAccess\" value=\"always\" \/><param name=\"allowfullscreen\" value=\"true\" \/><a href=\"http:\/\/popler.tv\/video\/fs005\/85\/OldSecondhand_22007f6f-15fb-41e9-9872-2ec8cb7cc01e.mp4\"><img border=\"0\" src=\"http:\/\/popler.tv\/snap\/fs005\/85\/OldSecondhand_22007f6f-15fb-41e9-9872-2ec8cb7cc01e_mini.jpg\" width=\"480\" height=\"270\" alt=\"No Flash\"><\/a><\/object>"}

czyli flecista z Hammeln II. Udział wzięli: czarna Mańka, piasokowa Lala, podpalany Haps i biała w czarne łaty Nuta.
