{"version":"1.0","provider_name":"popler","type":"video","provider_url\"":"http:\/\/popler.tv\/","width":"480","height":"270","title":"Po\u017cegnanie z Pedrem","description":"... Pedro zosta\u0142 adoptowany - ma juz sw\u00f3j dom, swoje dziecko, swoja pani\u0105 oraz pana... B\u0119dzie mia\u0142 najprawdopodobniej na imi\u0119 Stasiek. A oto jego ostatnie chwile w naszym domu...","author_name":"OldSecondhand_","author_url":"http:\/\/popler.tv\/OldSecondhand","live":0,"live_url":"http:\/\/popler.tv\/OldSecondhand","thumbnail_url":"http:\/\/images.popler.tv\/snap\/fs005\/2\/OldSecondhand_c2bc79c5-b3d3-4489-bcb9-e46c454620bc_mini.jpg","thumbnail_height":75,"html":"<object type=\"application\/x-shockwave-flash\" data=\"http:\/\/www.popler.tv\/v\/63043\" width=\"480\" height=\"270\"><param name=\"movie\" value=\"http:\/\/www.popler.tv\/v\/63043\" \/><param name=\"loop\" value=\"false\"><param name=\"menu\" value=\"false\"><param name=\"quality\" value=\"high\"><param name=\"AllowScriptAccess\" value=\"always\" \/><param name=\"allowfullscreen\" value=\"true\" \/><a href=\"http:\/\/popler.tv\/video\/fs005\/2\/OldSecondhand_c2bc79c5-b3d3-4489-bcb9-e46c454620bc.mp4\"><img border=\"0\" src=\"http:\/\/popler.tv\/snap\/fs005\/2\/OldSecondhand_c2bc79c5-b3d3-4489-bcb9-e46c454620bc_mini.jpg\" width=\"480\" height=\"270\" alt=\"No Flash\"><\/a><\/object>"}

Pożegnanie z Pedrem

... Pedro został adoptowany - ma juz swój dom, swoje dziecko, swoja panią oraz pana... Będzie miał najprawdopodobniej na imię Stasiek. A oto jego ostatnie chwile w naszym domu...
