{"version":"1.0","provider_name":"popler","type":"video","provider_url\"":"http:\/\/popler.tv\/","width":"480","height":"270","title":"Wywiad z Pani\u0105 Ew\u0105 Kobiersk\u0105-Maciuszko - Dyrektorem BUW","description":"","author_name":"drzewadlawarszawy_","author_url":"http:\/\/popler.tv\/drzewadlawarszawy","live":0,"live_url":"http:\/\/popler.tv\/drzewadlawarszawy","thumbnail_url":"http:\/\/images.popler.tv\/snap\/fs005\/upload\/drzewadlawarszawy_1337349793_mini.jpg","thumbnail_height":75,"html":"<object type=\"application\/x-shockwave-flash\" data=\"http:\/\/www.popler.tv\/v\/44701\" width=\"480\" height=\"270\"><param name=\"movie\" value=\"http:\/\/www.popler.tv\/v\/44701\" \/><param name=\"loop\" value=\"false\"><param name=\"menu\" value=\"false\"><param name=\"quality\" value=\"high\"><param name=\"AllowScriptAccess\" value=\"always\" \/><param name=\"allowfullscreen\" value=\"true\" \/><a href=\"http:\/\/popler.tv\/video\/fs005\/upload\/drzewadlawarszawy_1337349793.mp4\"><img border=\"0\" src=\"http:\/\/popler.tv\/snap\/fs005\/upload\/drzewadlawarszawy_1337349793_mini.jpg\" width=\"480\" height=\"270\" alt=\"No Flash\"><\/a><\/object>"}

Wywiad z Panią Ewą Kobierską-Maciuszko - Dyrektorem BUW
