{"version":"1.0","provider_name":"popler","type":"video","provider_url\"":"http:\/\/popler.tv\/","width":"480","height":"270","title":"Mistycy-Literaci-Wariaci: KRZYSZTOF GRYNDER","description":"Spotkanie z Krzysztofem Grynderem - w przesz\u0142o\u015bci aktywist\u0105 ruchu Wolno\u015b\u0107 i Pok\u00f3j, wielokrotnie aresztowanego przez SB. Aktualnie Grynder jest szefem kilku du\u017cych wydawnictw ksi\u0105\u017ckowych, w tym Maszoperii Literackiej i Gda\u0144skiego Kantoru Wydawniczego. Spotkanie b\u0119dzie dotyczy\u0142o mi\u0119dzy innymi sytuacji niezale\u017cnych wydawc\u00f3w oraz o nawyk\u00f3w czytelniczych obywateli III RP.","author_name":"cswlaznia_","author_url":"http:\/\/popler.tv\/cswlaznia","live":0,"live_url":"http:\/\/popler.tv\/cswlaznia","thumbnail_url":"http:\/\/images.popler.tv\/snap\/fs005\/87\/cswlaznia_1110237909_mini.jpg","thumbnail_height":75,"html":"<object type=\"application\/x-shockwave-flash\" data=\"http:\/\/www.popler.tv\/v\/40562\" width=\"480\" height=\"270\"><param name=\"movie\" value=\"http:\/\/www.popler.tv\/v\/40562\" \/><param name=\"loop\" value=\"false\"><param name=\"menu\" value=\"false\"><param name=\"quality\" value=\"high\"><param name=\"AllowScriptAccess\" value=\"always\" \/><param name=\"allowfullscreen\" value=\"true\" \/><a href=\"http:\/\/popler.tv\/video\/fs005\/87\/cswlaznia_1110237909.mp4\"><img border=\"0\" src=\"http:\/\/popler.tv\/snap\/fs005\/87\/cswlaznia_1110237909_mini.jpg\" width=\"480\" height=\"270\" alt=\"No Flash\"><\/a><\/object>"}

Spotkanie z Krzysztofem Grynderem - w przeszłości aktywistą ruchu Wolność i Pokój, wielokrotnie aresztowanego przez SB. Aktualnie Grynder jest szefem kilku dużych wydawnictw książkowych, w tym Maszoperii Literackiej i Gdańskiego Kantoru Wydawniczego. Spotkanie będzie dotyczyło między innymi sytuacji niezależnych wydawców oraz o nawyków czytelniczych obywateli III RP.
