{"version":"1.0","provider_name":"popler","type":"video","provider_url\"":"http:\/\/popler.tv\/","width":"480","height":"270","title":"Na rybach ze Zbigniewem Kawalcem","description":"Zbigniew Kawalec na rybach z now\u0105 w\u0119dk\u0105 Iron Feather.\nPrezentacja przyn\u0119ty oraz hol ryby.","author_name":"WEDKI_","author_url":"http:\/\/popler.tv\/WEDKI","live":0,"live_url":"http:\/\/popler.tv\/WEDKI","thumbnail_url":"http:\/\/images.popler.tv\/snap\/fs005\/33\/WEDKI_1282637546_mini.jpg","thumbnail_height":75,"html":"<object type=\"application\/x-shockwave-flash\" data=\"http:\/\/www.popler.tv\/v\/3977\" width=\"480\" height=\"270\"><param name=\"movie\" value=\"http:\/\/www.popler.tv\/v\/3977\" \/><param name=\"loop\" value=\"false\"><param name=\"menu\" value=\"false\"><param name=\"quality\" value=\"high\"><param name=\"AllowScriptAccess\" value=\"always\" \/><param name=\"allowfullscreen\" value=\"true\" \/><a href=\"http:\/\/popler.tv\/video\/fs005\/33\/WEDKI_1282637546.mp4\"><img border=\"0\" src=\"http:\/\/popler.tv\/snap\/fs005\/33\/WEDKI_1282637546_mini.jpg\" width=\"480\" height=\"270\" alt=\"No Flash\"><\/a><\/object>"}

Zbigniew Kawalec na rybach z nową wędką Iron Feather.
Prezentacja przynęty oraz hol ryby.
