{"version":"1.0","provider_name":"popler","type":"video","provider_url\"":"http:\/\/popler.tv\/","width":"480","height":"270","title":"Olek, Papieros w Drinku i Nowy Wspania\u0142y \u015awiat","description":"Czy zastanawiali\u015bcie si\u0119 kiedy\u015b, dlaczego menad\u017cer w NW\u015a gasi w waszym drinku czyjego\u015b papierosa? To w\u0142a\u015bnie prze\u017cy\u0142a wczoraj Olek po wernisa\u017cu w Kordegardzie. I ca\u0142y czas szuka odpowiedzi...","author_name":"tad99_","author_url":"http:\/\/popler.tv\/tad99","live":0,"live_url":"http:\/\/popler.tv\/tad99","thumbnail_url":"http:\/\/images.popler.tv\/snap\/fs005\/fs003\/28_mini.jpg","thumbnail_height":75,"html":"<object type=\"application\/x-shockwave-flash\" data=\"http:\/\/www.popler.tv\/v\/37639\" width=\"480\" height=\"270\"><param name=\"movie\" value=\"http:\/\/www.popler.tv\/v\/37639\" \/><param name=\"loop\" value=\"false\"><param name=\"menu\" value=\"false\"><param name=\"quality\" value=\"high\"><param name=\"AllowScriptAccess\" value=\"always\" \/><param name=\"allowfullscreen\" value=\"true\" \/><a href=\"http:\/\/popler.tv\/video\/fs005\/fs003\/28.mp4\"><img border=\"0\" src=\"http:\/\/popler.tv\/snap\/fs005\/fs003\/28_mini.jpg\" width=\"480\" height=\"270\" alt=\"No Flash\"><\/a><\/object>"}

Olek, Papieros w Drinku i Nowy Wspaniały Świat

Czy zastanawialiście się kiedyś, dlaczego menadżer w NWŚ gasi w waszym drinku czyjegoś papierosa? To właśnie przeżyła wczoraj Olek po wernisażu w Kordegardzie. I cały czas szuka odpowiedzi...
