{"version":"1.0","provider_name":"popler","type":"video","provider_url\"":"http:\/\/popler.tv\/","width":"480","height":"270","title":"Rozmowy z widokiem na dzier\u017caw\u0119 pla\u017c Audycja Radia Ko\u0142obrzeg","description":"Audycja radia Ko\u0142obrzeg","author_name":"report_","author_url":"http:\/\/popler.tv\/report","live":0,"live_url":"http:\/\/popler.tv\/report","thumbnail_url":"http:\/\/images.popler.tv\/snap\/fs005\/92\/report_1320878245_mini.jpg","thumbnail_height":75,"html":"<object type=\"application\/x-shockwave-flash\" data=\"http:\/\/www.popler.tv\/v\/37215\" width=\"480\" height=\"270\"><param name=\"movie\" value=\"http:\/\/www.popler.tv\/v\/37215\" \/><param name=\"loop\" value=\"false\"><param name=\"menu\" value=\"false\"><param name=\"quality\" value=\"high\"><param name=\"AllowScriptAccess\" value=\"always\" \/><param name=\"allowfullscreen\" value=\"true\" \/><a href=\"http:\/\/popler.tv\/video\/fs005\/92\/report_1320878245.mp4\"><img border=\"0\" src=\"http:\/\/popler.tv\/snap\/fs005\/92\/report_1320878245_mini.jpg\" width=\"480\" height=\"270\" alt=\"No Flash\"><\/a><\/object>"}

Rozmowy z widokiem na dzierżawę plaż Audycja Radia Kołobrzeg

Audycja radia Kołobrzeg
