{"version":"1.0","provider_name":"popler","type":"video","provider_url\"":"http:\/\/popler.tv\/","width":"480","height":"270","title":"Debata &quot;Go\u015bcia Niedzielnego&quot; i Centrum im. Adama Smitha cz.1","description":"W debacie poprowadzonej przez redaktora Bogumi\u0142a \u0141ozi\u0144skiego wezm\u0105 udzia\u0142 eksperci Centrum: Piotr Dardzi\u0144ski (Centrum My\u015bli Jana Paw\u0142a II), Lech Jeziorny (przedsi\u0119biorca), Cezary Ka\u017amierczak (Zwi\u0105zek Przedsi\u0119biorc\u00f3w i Pracodawc\u00f3w), Zbigniew Stawrowski (Instytut My\u015bli im. ks. J\u00f3zefa Tishnera) oraz Andrzej Sadowski.","author_name":"Smith_","author_url":"http:\/\/popler.tv\/Smith","live":0,"live_url":"http:\/\/popler.tv\/Smith","thumbnail_url":"http:\/\/images.popler.tv\/snap\/fs005\/78\/Smith_1415368938_mini.jpg","thumbnail_height":75,"html":"<object type=\"application\/x-shockwave-flash\" data=\"http:\/\/www.popler.tv\/v\/22916\" width=\"480\" height=\"270\"><param name=\"movie\" value=\"http:\/\/www.popler.tv\/v\/22916\" \/><param name=\"loop\" value=\"false\"><param name=\"menu\" value=\"false\"><param name=\"quality\" value=\"high\"><param name=\"AllowScriptAccess\" value=\"always\" \/><param name=\"allowfullscreen\" value=\"true\" \/><a href=\"http:\/\/popler.tv\/video\/fs005\/78\/Smith_1415368938.mp4\"><img border=\"0\" src=\"http:\/\/popler.tv\/snap\/fs005\/78\/Smith_1415368938_mini.jpg\" width=\"480\" height=\"270\" alt=\"No Flash\"><\/a><\/object>"}

Debata &quot;Gościa Niedzielnego&quot; i Centrum im. Adama Smitha cz.1

W debacie poprowadzonej przez redaktora Bogumiła Łozińskiego wezmą udział eksperci Centrum: Piotr Dardziński (Centrum Myśli Jana Pawła II), Lech Jeziorny (przedsiębiorca), Cezary Kaźmierczak (Związek Przedsiębiorców i Pracodawców), Zbigniew Stawrowski (Instytut Myśli im. ks. Józefa Tishnera) oraz Andrzej Sadowski.
