{"version":"1.0","provider_name":"popler","type":"video","provider_url\"":"http:\/\/popler.tv\/","width":"480","height":"270","title":"Mistycy, Literaci, Wariaci - Piotr \u0141ata \u0141atyszew","description":"14 listopada 2013, godz. 18:00\nul. Jask\u00f3\u0142cza 1, GDA\u0143SK - DOLNE MIASTO\nKurator: Pawe\u0142 \u201eKonjo\u201d Konnak\n \nJest to comiesi\u0119czny cykl spotka\u0144 autorskich, trwaj\u0105cy od 2010 roku. Jego celem jest zapoznanie si\u0119 z tw\u00f3rczo\u015bci\u0105 pisarzy z kr\u0119gu artystycznej alternatywy. Zaproszeni autorzy reprezentuj\u0105 r\u00f3\u017cne formy obecno\u015bci w literaturze podziemnej, ale \u0142\u0105czy ich jedno \u2013 sprzeciw wobec represyjnej rzeczywisto\u015bci spo\u0142eczno-politycznej. Zebranie tych barwnych postaci tworzy now\u0105 perspektyw\u0119 oceny literatury, publicznie nieakceptowanej, lat 80. i 90.\n\nPiotr \u201e\u0141ata\u201d \u0141atyszew. Organizator gda\u0144skiego festiwalu muzycznego Fl\u0105der, kt\u00f3ry od 10 lat prezentuje najistotniejsze krajowe zespo\u0142y sceny off.\n \n","author_name":"cswlaznia_","author_url":"http:\/\/popler.tv\/cswlaznia","live":0,"live_url":"http:\/\/popler.tv\/cswlaznia","thumbnail_url":"http:\/\/images.popler.tv\/snap\/fs005\/62\/cswlaznia_76921449-2996-4424-8c26-253a0985a100_mini.jpg","thumbnail_height":75,"html":"<object type=\"application\/x-shockwave-flash\" data=\"http:\/\/www.popler.tv\/v\/63901\" width=\"480\" height=\"270\"><param name=\"movie\" value=\"http:\/\/www.popler.tv\/v\/63901\" \/><param name=\"loop\" value=\"false\"><param name=\"menu\" value=\"false\"><param name=\"quality\" value=\"high\"><param name=\"AllowScriptAccess\" value=\"always\" \/><param name=\"allowfullscreen\" value=\"true\" \/><a href=\"http:\/\/popler.tv\/video\/fs005\/62\/cswlaznia_76921449-2996-4424-8c26-253a0985a100.mp4\"><img border=\"0\" src=\"http:\/\/popler.tv\/snap\/fs005\/62\/cswlaznia_76921449-2996-4424-8c26-253a0985a100_mini.jpg\" width=\"480\" height=\"270\" alt=\"No Flash\"><\/a><\/object>"}

Mistycy, Literaci, Wariaci - Piotr Łata Łatyszew

14 listopada 2013, godz. 18:00
ul. Jaskółcza 1, GDAŃSK - DOLNE MIASTO
Kurator: Paweł „Konjo” Konnak
 
Jest to comiesięczny cykl spotkań autorskich, trwający od 2010 roku. Jego celem jest zapoznanie się z twórczością pisarzy z kręgu artystycznej alternatywy. Zaproszeni autorzy reprezentują różne formy obecności w literaturze podziemnej, ale łączy ich jedno – sprzeciw wobec represyjnej rzeczywistości społeczno-politycznej. Zebranie tych barwnych postaci tworzy nową perspektywę oceny literatury, publicznie nieakceptowanej, lat 80. i 90.

Piotr „Łata” Łatyszew. Organizator gdańskiego festiwalu muzycznego Fląder, który od 10 lat prezentuje najistotniejsze krajowe zespoły sceny off.
